What is 1320112 (base 4) in base 14?
2b42
What is -252 (base 11) in base 13?
-1a0
What is -c8 (base 13) in base 7?
-323
102cb (base 14) to base 5
2221422
Convert 8a7 (base 11) to base 9.
1435
Convert -642 (base 7) to base 8.
-504
What is -88 (base 11) in base 9?
-116
What is 979a (base 11) in base 13?
5b70
Convert -2402 (base 6) to base 12.
-402
Convert 3411 (base 6) to base 7.
2221
What is -1000011 (base 2) in base 16?
-43
What is -a92 (base 11) in base 9?
-1716
-9856 (base 10) to base 2
-10011010000000
11360 (base 11) to base 15
4cd6
What is 1552 (base 13) in base 9?
4234
Convert -14415 (base 7) to base 12.
-2379
Convert -101102 (base 3) to base 5.
-2111
What is 310423 (base 5) in base 3?
111212120
Convert -2363 (base 7) to base 14.
-46a
Convert -2dc6 (base 16) to base 12.
-6946
-3954 (base 10) to base 11
-2a75
32541 (base 6) to base 5
121100
What is -14561 (base 7) in base 6?
-30445
-1f4 (base 16) to base 15
-235
Convert 1110211022 (base 3) to base 10.
29033
-484 (base 9) to base 13
-24a
15351 (base 6) to base 13
11b6
Convert 76672 (base 8) to base 12.
16762
What is -1032100 (base 4) in base 8?
-11620
Convert 1121210 (base 3) to base 9.
1553
Convert -2ba7 (base 15) to base 3.
-110212111
Convert 3371 (base 13) to base 5.
212230
Convert 1110110001110011 (base 2) to base 13.
21723
Convert -20333 (base 4) to base 9.
-708
What is -12194 (base 12) in base 13?
-b188
140445 (base 9) to base 13
2ccb1
Convert 59ce (base 16) to base 4.
11213032
-13541 (base 9) to base 11
-69a5
-132121 (base 4) to base 15
-89a
-e6 (base 15) to base 5
-1331
Convert -2415 (base 9) to base 8.
-3404
What is -1000010011010 (base 2) in base 7?
-15251
What is 9566 (base 14) in base 11?
183a4
Convert -6210 (base 9) to base 6.
-33013
b (base 12) to base 3
102
What is -11100000 (base 2) in base 14?
-120
What is -701a (base 12) in base 16?
-2f56
What is 360350 (base 7) in base 5?
4040014
Convert 10835 (base 10) to base 15.
3325
-10010000011 (base 2) to base 11
-960
-1692 (base 14) to base 9
-5487
Convert 136 (base 8) to base 15.
64
What is 2422 (base 11) in base 6?
22402
What is -1022221 (base 3) in base 5?
-12340
Convert -44 (base 8) to base 3.
-1100
27047 (base 8) to base 13
54bb
Convert -491 (base 16) to base 8.
-2221
Convert 42671 (base 10) to base 16.
a6af
-111120 (base 3) to base 9
-446
-5330 (base 10) to base 9
-7272
What is 1232033 (base 4) in base 16?
1b8f
Convert -63 (base 12) to base 11.
-69
What is 1452 (base 7) in base 11?
484
Convert 10fd (base 16) to base 10.
4349
574 (base 8) to base 3
112002
What is -220221021 (base 3) in base 4?
-10130002
What is 14499 (base 11) in base 13?
9484
What is 4000 (base 5) in base 9?
615
Convert 3cd (base 14) to base 16.
301
Convert 659 (base 11) to base 9.
1067
-8e2c (base 15) to base 13
-10986
What is 2446 (base 7) in base 15?
411
-911 (base 16) to base 9
-3158
What is 1001020 (base 3) in base 4?
23322
Convert 175535 (base 8) to base 16.
fb5d
863 (base 14) to base 15
755
Convert -2032304 (base 5) to base 3.
-1200220001
Convert -11101121 (base 3) to base 10.
-3202
Convert 8a3 (base 16) to base 5.
32321
What is -751 (base 14) in base 9?
-1873
-23220 (base 6) to base 16
-cfc
-b01a (base 16) to base 12
-2210a
Convert -8e7 (base 15) to base 13.
-bc2
12201 (base 3) to base 4
2122
Convert -2984 (base 10) to base 5.
-43414
Convert -864a (base 15) to base 11.
-1a397
What is -11111 (base 4) in base 7?
-665
Convert -216 (base 11) to base 6.
-1111
-1151 (base 11) to base 5
-22013
-450 (base 10) to base 3
-121200
Convert -1345 (base 7) to base 5.
-4043
What is 1101001101010011 (base 2) in base 10?
54099
-897 (base 13) to base 2
-10111000100
7046 (base 14) to base 6
225114
99 (base 10) to base 12
83
-d1 (base 14) to base 10
-183
57479 (base 10) to base 14
16d39
Convert 310 (base 11) to base 9.
455
41313 (base 5) to base 16
a94
Convert 136ba (base 13) to base 11.
25318
What is -101303 (base 4) in base 10?
-1139
What is -b9d (base 16) in base 2?
-101110011101
-1300 (base 5) to base 16
-c8
-100100111010 (base 2) to base 11
-1858
Convert -105 (base 9) to base 11.
-79
453e (base 16) to base 8
42476
Convert 30103 (base 6) to base 10.
3927
What is 2121222 (base 3) in base 2?
11101111100
-10110101010011 (base 2) to base 11
-8799
Convert -3408 (base 14) to base 5.
-242044
What is f9ad (base 16) in base 5?
4021132
Convert -175 (base 16) to base 6.
-1421
What is 23210 (base 11) in base 6?
415120
What is -261 (base 8) in base 11?
-151
4020 (base 11) to base 5
132341
Convert -1111110110001 (base 2) to base 13.
-3901
360 (base 10) to base 7
1023
Convert -1aa2 (base 15) to base 9.
-7828
What is 33023 (base 4) in base 5?
12341
What is -1c26 (base 15) in base 6?
-44143
Convert 59f (base 16) to base 15.
65e
Convert 8f79 (base 16) to base 11.
25660
Convert -525 (base 10) to base 7.
-1350
-15013 (base 8) to base 12
-3a37
Convert 12100 (base 3) to base 5.
1034
Convert -149 (base 11) to base 12.
-126
Convert 13b (base 12) to base 15.
cb
What is -212140 (base 5) in base 16?
-1c02
What is 30044 (base 5) in base 15?
869
Convert -11403 (base 5) to base 3.
-1011121
1657 (base 8) to base 12
667
What is -113750 (base 8) in base 14?
-1025a
What is 110111010111 (base 2) in base 15?
10b3
Convert -5435 (base 9) to base 13.
-1a8a
Convert 2100101 (base 3) to base 6.
11531
-26613 (base 9) to base 11
-12579
4b1 (base 14) to base 11
784
What is 110000011 (base 2) in base 15?
1ac
-a45 (base 16) to base 6
-20101
-3776 (base 9) to base 3
-10212120
Convert 11545 (base 6) to base 13.
a25
Convert -473 (base 9) to base 11.
-325
1101010100 (base 2) to base 12
5b0
a3 (base 11) to base 4
1301
Convert 117221 (base 8) to base 6.
511533
What is 1a07 (base 14) in base 4?
1021213
6558 (base 15) to base 13
99c8
146 (base 10) to base 3
12102
Convert 254111 (base 6) to base 16.
599b
What is 6bc6 (base 14) in base 7?
105536
b (base 13) to base 8
13
-1032 (base 6) to base 4
-3230
What is 5355 (base 6) in base 7?
3365
-51b0 (base 13) to base 5
-330142
What is 1149 (base 12) in base 15?
889
What is 285 (base 15) in base 10?
575
What is -121433 (base 5) in base 15?
-157d
601a (base 14) to base 11
1142a
-2 (base 7) to base 11
-2
Convert 1101 (base 10) to base 4.
101031
Convert 13441 (base 10) to base 6.
142121
-221022 (base 3) to base 13
-407
Convert 1003003 (base 5) to base 9.
23851
What is 8 (base 16) in base 2?
1000
What is -303 (base 9) in base 4?
-3312
What is -3011 (base 10) in base 2?
-101111000011
Convert 11201 (base 5) to base 16.
321
Convert 11507 (base 12) to base 14.
8647
-10d9 (base 15) to base 3
-11220120
-74a9 (base 16) to base 8
-72251
-110110 (base 3) to base 16
-150
-724 (base 14) to base 3
-1221000
Convert 1 (base 12) to base 4.
1
-14830 (base 10) to base 11
-10162
-226 (base 10) to base 4
-3202
Convert -10230 (base 7) to base 4.
-213120
Convert bb (base 15) to base 9.
215
Convert 1110000001010 (base 2) to base 13.
3362
Convert -12b (base 13) to base 15.
-db
120101212 (base 3) to base 5
324403
11010122 (base 3) to base 9
4118
7a85 (base 11) to base 13
4aac
-320 (base 13) to base 4
-20111
1157 (base 9) to base 8
1536
Convert -2247 (base 9) to base 11.
-1282
Convert 10404 (base 5) to base 15.
339
What is 10a (base 13) in base 16?
b3
What is 3230 (base 8) in base 11?
12a5
Convert -73e6 (base 15) to base 4.
-11333010
Convert -51434 (base 6) to base 12.
-3b7a
-17432 (base 11) to base 5
-1240402
What is 344324 (base 5) in base 2?
11000010110000
Convert -344 (base 14) to base 7.
-1614
What is -3204 (base 6) in base 11?
-5a9
Convert 3b1 (base 13) to base 14.
347
What is -1323 (base 6) in base 4?
-11103
What is e1 (base 15) in base 3?
21211
-122003 (base 5) to base 3
-20100102
Convert -467 (base 14) to base 11.
-726
10100100000001 (base 2) to base 5
313442
Convert 31123 (base 4) to base 9.
1154
44763 (base 9) to base 3
1111212010
6000 (base 7) to base 5
31213
Convert 1223 (base 4) to base 6.
255
Convert 3ad (base 16) to base 13.
575
What is -1212202 (base 3) in base 16?
-55a
-29b (base 12) to base 2
-110010111
Convert 132120 (base 4) to base 9.
2600
What is -260 (base 13) in base 14?
-21a
What is -6238 (base 9) in base 10?
-4571
66 (base 16) to base 3
10210
-b3 (base 12) to base 10
-135
Convert -1565 (base 13) to base 7.
-12053
What is -27575 (base 8) in base 3?
-121200021
-100101110101101 (b